3*s = 4. What is the tens digit of (s + 3)/(1/17)?
1
Let k(z) be the second derivative of -z**3/6 + 6*z**2 + 2*z. Let u be k(0). Suppose 3*b = a - u, 2*a - 20 = 6*b - 2*b. What is the units digit of a?
6
Suppose 5*t + 7 = -18. Let z(c) = c**3 + 5*c**2 - 5*c + 2. Let n be z(t). Let h = 40 - n. What is the tens digit of h?
1
Suppose 15 - 6 = u - 2*k, 3*k - 6 = -5*u. Suppose -u*s - t - 93 = -8*s, 0 = -3*s + t + 57. Suppose c = -c + s. What is the units digit of c?
9
Let c = -28 - -42. What is the tens digit of c?
1
Let k(x) = -4*x**2 + 6*x + 5. Suppose -4*r = 5 + 3. Let s(l) = -3*l**2 + 6*l + 4. Let c(z) = r*k(z) + 3*s(z). What is the units digit of c(5)?
7
Suppose p = 4*p - 3. Suppose 0 = 5*l + 6 - p, 2*l = n - 26. What is the tens digit of n?
2
Suppose -5 - 7 = -4*b. Suppose -4*t - 2*o - o + 75 = 0, 0 = -2*t - o + 39. Suppose 0 = b*r - t. What is the units digit of r?
7
Let g(w) be the second derivative of -1/6*w**3 - 1/2*w**2 - 3/20*w**5 + w + 0*w**4 + 0. What is the units digit of g(-1)?
3
Let a(c) = -c**3 - 5*c - 2. Let x be a(-4). Suppose 0 = -2*y + r + x, -4*r + 2*r - 203 = -5*y. What is the units digit of y?
9
Let g = -3 + 3. Suppose 2 + g = j. Suppose j = f - 5. What is the units digit of f?
7
Let s(x) = -x**3 + x**2 - x + 1. Let y be (-5 - -3) + 2*1. Suppose 0 = 4*q - y*q. What is the units digit of s(q)?
1
Suppose -5*d + 9 + 6 = 0. Suppose 4*h + 2 - 16 = -o, -5*o + 19 = d*h. Suppose -5*r - 4 = -w, 0 = -2*w + h*r + 8 - 0. What is the units digit of w?
4
Let j be 1*(18/1 + 0). Let g = 31 - j. What is the units digit of g?
3
Let m be (12/10)/((-4)/20). Let d be (-26)/m - 1/3. Let c = 13 - d. What is the units digit of c?
9
Let p be 1 + (-1 - 6)*2. Let v = p + 18. Suppose -2 = u - v. What is the units digit of u?
3
Let j = -208 - -354. What is the hundreds digit of j?
1
Let b = 244 - 67. What is the hundreds digit of b?
1
Let t(n) = 4*n**2 + 4*n - 3. What is the tens digit of t(6)?
6
Suppose -4*s = -3*h + 10, -10 = -2*h - 2*s + 3*s. Let c(v) be the second derivative of v**3/2 - 3*v**2 - v. What is the tens digit of c(h)?
1
Suppose 3*b = -9 - 3, -4*i + b + 20 = 0. What is the units digit of (i/(-3))/((-2)/12)?
8
Let g(v) = 19*v - 2. What is the units digit of g(6)?
2
Let o(h) = h**2 - 14. What is the units digit of o(-11)?
7
Suppose -o + 14 - 4 = 0. Suppose -q = -o + 9. What is the units digit of q?
1
Let i(b) = 2*b**2 + 4*b + 8. What is the tens digit of i(-4)?
2
Let c be 1/3*3 + 1. Suppose 1 + 3 = c*g. Suppose 0 = g*w - 3*w + 1. What is the units digit of w?
1
Suppose -9 = -4*n - r + 8, 0 = -3*n + 4*r + 8. Suppose -n*l - 44 = -6*l. Suppose -49 = -3*b - l. What is the units digit of b?
9
Let u(r) be the first derivative of r**3/3 - r**2/2 + 8*r + 3. Let q be u(0). Suppose -2*z + 2 = -q. What is the units digit of z?
5
Let k(u) = 8*u**2 - u. Let z be k(1). Suppose 27 = 4*a + z. Suppose -3 = -5*n - 2*f, 3*n + 2*n + a*f = 0. What is the units digit of n?
1
Let g = -12 + 23. What is the tens digit of g?
1
Suppose 2*u = 5*b - 957, 5*u = -2*b + 138 + 239. What is the units digit of b?
1
Suppose -3*m + z = -17, -2*z + 34 = 5*m + 2*z. What is the units digit of m?
6
Let f(i) = i + 3. Let g be f(5). Suppose -20 = -2*b - g. Suppose -x + b*x = 50. What is the tens digit of x?
1
Suppose -4*k + 2*k = -2*r, 2*r - 5*k = 0. Suppose 5*i = -r*u + 2*u + 5, -3*i = 2*u - 19. What is the units digit of i?
3
Suppose -5*t + 198 = -0*t + 2*c, 206 = 5*t + 4*c. What is the units digit of t?
8
Let n be ((-12)/(-18))/((-1)/(-6)). Suppose 3*x = a - 22, a + 3 = -n*x + 2*x. What is the units digit of a?
7
Let v(l) = -3*l**3 + 5*l**2 + 7. Let c(j) = -4*j**3 + 5*j**2 + 7. Let k(d) = -2*c(d) + 3*v(d). What is the units digit of k(5)?
7
Let s = 0 - -4. Suppose -y = 3*h - 26, 9 = s*y - 4*h - 15. What is the tens digit of y?
1
Let f = 6 + -4. Suppose f*g - 100 = 4*b, -3*g = 3*b - 147 + 33. What is the units digit of g?
2
Let o(s) = -s**2 - s - 3. Let k be o(-7). Let j = 63 + k. Suppose 3*x - j = x. What is the units digit of x?
9
Let t(x) = -339*x**3 - 2*x**2 + 1. What is the hundreds digit of t(-1)?
3
Suppose 0 = -d - 3*d - 2*j + 626, d = 3*j + 174. What is the tens digit of d?
5
What is the tens digit of 40/6*2*81/4?
7
Let l = -1 - -17. Let r be 14/4 - (-1)/(-2). Suppose -y - r*y + l = 0. What is the units digit of y?
4
Let j be ((-3)/(-6))/((-2)/(-4)). Suppose -r - 3*v - j = 9, -20 = 4*v. Suppose r*l = 15, 0 = 5*f + 4*l + 20 - 87. What is the units digit of f?
1
Suppose -4*x + 42 = -v - v, v + 29 = 3*x. Let c = x + -5. Let f = 8 - c. What is the units digit of f?
5
What is the units digit of (-1)/(3/(-175 + -2))?
9
Suppose -60 - 42 = -3*z. What is the units digit of z?
4
Let z(n) = 2*n**2 - 5*n + 2. Let s be z(3). Suppose -5*b = -5*i - 0*i + 20, s*i = 4*b + 19. Suppose -i + 0 = -3*f. What is the units digit of f?
1
Suppose -q = 2*b - 78, -3*b - q + 115 = q. Suppose 0 = 5*d + 3*v + v - b, -4*v = -16. What is the units digit of d?
5
Suppose 4*h - 20 = -12. Let g = 3 + 3. Suppose h*q - 4 - g = 0. What is the units digit of q?
5
Let h = 110 + -64. What is the tens digit of h?
4
Let a = -2 + -1. Let u(h) = -h**3 - 3*h**2 + 3. Let y be u(a). Suppose -y*f = -7*f + 32. What is the units digit of f?
8
Suppose 10 = 3*q + 2*q. What is the units digit of -2*q/(-8)*12?
6
Let x be 50/18 + (-4)/(-18). Suppose -x*b + 0*b + 3 = 0. What is the units digit of b?
1
Suppose -4*r + 4*v = -48 - 0, 3*v + 19 = 2*r. Suppose -5*h + r = -123. What is the tens digit of h?
2
Suppose -m - 3*u = m - 6, -m + 2 = u. Let o = 7 + -1. Suppose v - o = -m*v. What is the units digit of v?
6
What is the units digit of 2 + (3/1)/3?
3
Suppose 2*n = -5*n + 490. What is the units digit of n?
0
Let x(a) = -a**2 - 10*a + 4. Let h be x(-9). Let j = 24 - h. What is the units digit of j?
1
Suppose -6*l + 4*l + 5 = -3*u, 3*u - 3*l = -9. Suppose -u = c - 9. What is the units digit of c?
8
Let f(m) = 0 - 7*m - 1 - m**3 + 6*m**2 + m**2 - 2. Let p be f(6). Let q(j) = j + 16. What is the units digit of q(p)?
7
Let x be -2 - -11 - 1*2. Suppose 4*j + x = 47. What is the units digit of j?
0
Suppose 0 = -4*x + 308 - 24. What is the tens digit of x?
7
Suppose 3*z - 2*c + 7*c = 718, 246 = z + 5*c. What is the tens digit of z?
3
Let d = -3 + 13. Let t = 14 - 8. Let b = d - t. What is the units digit of b?
4
Let w(v) = -2*v**3 + v. Let u be w(1). What is the units digit of 5 - (1 + u)/(-1)?
5
Let a(q) = q - 5. Let c be a(8). Let f(x) = 4*x - c - x + 2. What is the units digit of f(2)?
5
Let t(o) = -5*o**3 - 3*o**2 - o + 2. What is the units digit of t(-2)?
2
Let i = -321 + 473. What is the hundreds digit of i?
1
Suppose 21 = -2*r + 93. Suppose 3*l - 18 = -h + 4*h, 0 = -4*l - 2*h + r. What is the units digit of l?
8
Let a(n) = -n**2 - n + 15. Let f be a(0). Suppose 0 = 5*s - 0*s - f. Suppose -y + 4 = 3*k + 3*y, s*y = -4*k + 17. What is the units digit of k?
8
Suppose 2*q - 8*q = -1398. What is the hundreds digit of q?
2
Let h(p) = 6*p - 11. Let v(j) = 17*j - 32. Let f(o) = -11*h(o) + 4*v(o). Let n be f(6). Suppose n*x - 6 - 29 = 0. What is the units digit of x?
7
Let c = -17 - -33. Let n be 2/(-8) + 4/c. Suppose h - 3*h + 8 = n. What is the units digit of h?
4
Suppose -3*v + 712 = v. What is the hundreds digit of v?
1
Let a(k) = 2*k. Let o be a(1). Let m(d) = 3*d**3 - 4*d**o + 2*d**2 - 4*d**3 - d - 2*d. What is the units digit of m(-2)?
6
Let h = -9 + 13. Suppose -6 = -h*b + 2*b. Suppose -7*x = -b*p - 2*x + 34, -4 = 2*x. What is the units digit of p?
8
Let o(i) = i + 10. Let v be o(-10). Suppose v*p = -4*p. Suppose p = -g + 11 + 9. What is the tens digit of g?
2
Suppose 3*o - 7 = 2*o. Let g = o + 8. What is the units digit of g?
5
Let l be (-12)/(-10) - 3/15. Let n = l - -6. What is the units digit of n?
7
What is the tens digit of (-3)/(391/(-97) + 4)?
9
Let w(k) = -k**3 + k + 2. Let m = 2 + -2. Let f be w(m). Suppose -3*a + 8 = -f*a. What is the units digit of a?
8
Suppose -m - 3*n + 291 = 0, -2*m + 859 = m - 5*n. What is the tens digit of m?
8
Suppose j - 2*m = 4 - 1, 3*j - m = -1. Let y be (0 + 1)*(j + 6). Suppose -51 = -y*a + 19. What is the tens digit of a?
1
Let t be (6 - 8) + 2*1. Suppose -3*x + 6 + 0 = t. What is the units digit of x/12 + 53/6?
9
Let h(d) = 49*d**2 + d - 1. Let a be h(1). Let c = a - 28. What is the tens di